 of r and g?
9
Suppose -h = -4, -5*a - 7*h + 49276 = -3*h. Calculate the highest common factor of 12 and a.
12
Let r = -110931 + 111105. Suppose -3*i - w + 261 = w, -4*i + w + 348 = 0. Calculate the greatest common divisor of r and i.
87
Let t = -2049 - -921. Let p = 1148 + t. Let x(m) = 8*m - 4. Let j be x(3). What is the greatest common factor of j and p?
20
Let r be ((33 + -1)*1)/2. Let f be -9 + 10 - 6*(-5)/2. Suppose -7*t + f = -6*t. What is the greatest common factor of t and r?
16
Suppose -4*g + 12 = 0, w + 239 = -4*g + 35. Let j = 244 + w. What is the greatest common factor of j and 126?
14
Suppose -5*x = -293 + 13. Suppose -5*q + 4 = 5*n - 21, q = -5*n + 45. Let s be n/5 - 123/6*-4. What is the greatest common factor of s and x?
28
Suppose -21*y = -22*y + 5. Suppose 389 = y*o - 811. What is the highest common divisor of 15 and o?
15
Let t = 6915 - 6843. Calculate the greatest common factor of t and 10776.
24
Suppose 0 = y - 3*g - 11, -4*y = -5*g + 6*g - 18. Let t be (2 - (38 - y))*-2. Calculate the highest common divisor of t and 93.
31
Let l be 17972/28 - (-765)/357. What is the greatest common factor of 252 and l?
28
Let a = 553221 + -553210. Suppose -3471 + 455 = -4*d + 4*g, 3*d + 2*g = 2287. Calculate the highest common factor of d and a.
11
Suppose -5*p + 29 - 4 = 0. Suppose 3*r - z = 680, -3*r - 444 = -p*r - 4*z. Suppose -104 = -5*b + r. What is the greatest common factor of b and 6?
6
Let j(u) = -14*u**3 + 3*u**2 + 45*u + 207. Let p be j(-7). What is the greatest common divisor of p and 47?
47
Let y = -71718 - -71726. Let l = 8 - 2. Let x be l*-2*2*-1. What is the greatest common divisor of x and y?
8
Suppose -4*g - 3*m = 15 + 49, m = -g - 17. Let a = -17 - g. Let f(l) = -4*l - 14. Let h be f(a). What is the greatest common divisor of 22 and h?
2
Let g be (-4)/12*-3*-43*-1. Let i = g + -34. Suppose -3*h = -8 + 2, -5*h = 3*n - 13. Calculate the greatest common divisor of n and i.
1
Let j = 17598 + -17398. Let g(i) = -i**2 + 4*i. Let c be g(6). Let r = 52 + c. What is the greatest common factor of j and r?
40
Suppose 398 = -8*u - 922. Let v = -114 - u. Calculate the highest common factor of 102 and v.
51
Let i = 468 - 185. Let p = i - 226. Let f be (-1587)/(-21) - (-6)/14. Calculate the greatest common factor of p and f.
19
Suppose 4*x + 2700 = 6*x. Suppose 6*a = -0*a + x. Calculate the greatest common factor of 18 and a.
9
Suppose -278 = 3*k - 2*a + 3*a, k - 5*a + 66 = 0. Let w = k + 118. Calculate the highest common factor of w and 3.
3
Let t be 3/6*6 - -24. Let n = -26 + t. Let d be 27 + 4 + n*-3. Calculate the greatest common divisor of 14 and d.
14
Let i = 255 + 109. Let u = 650 - i. Calculate the highest common divisor of u and 66.
22
Let u be 13 + (13 - 9 - (-2 - -2)). Let p(m) = 12*m**3 - 4*m**2 + 4*m - 2. Let v be p(2). Let w = -18 + v. Calculate the greatest common divisor of w and u.
17
Let d = -224 + 309. Suppose d = 41*w - 40*w. Calculate the highest common factor of 153 and w.
17
Let g be (-17)/((-170)/6) + 104/10. Calculate the greatest common factor of 20636 and g.
11
Let t(o) = -10*o**2 - 71*o - 46. Let k be t(-6). Suppose -4*l - 595 = -2435. Calculate the greatest common factor of l and k.
20
Let b(x) = 2*x**3 - 47*x**2 + 63*x + 106. Let f be b(22). Calculate the greatest common factor of f and 368.
8
Let j be 36*484/(-330)*-25. Calculate the greatest common factor of 4455 and j.
165
Let w = 10 - 3. Let b(x) = x**3 + 10*x**2 - 6*x + 1. Let f be b(w). Suppose 207*q + f = 211*q. Calculate the greatest common factor of q and 18.
18
Suppose -j - 10*j - 2*j = 0. Suppose -6*y - 19*y + 1350 = j. What is the highest common divisor of y and 126?
18
Let v(a) = 73*a + 270. Let b be v(0). Calculate the greatest common factor of b and 10.
10
Suppose 32 = 8*g - 0. Suppose 0 = -g*f + 33 + 11. Suppose -j + 1 = -0*j. What is the highest common divisor of j and f?
1
Suppose 121 = -5*l - 24. Let s(q) = 4*q**3 - 162*q**2 + 238*q - 97. Let v be s(39). Let h = v - l. What is the greatest common divisor of 132 and h?
44
Let h(c) = 20*c - 86. Let o be h(4). Let s be 504/8 - (13 + o). What is the highest common divisor of 40 and s?
8
Let u(r) = 2*r**3 - 6*r**2 - 4*r + 5. Let x be u(4). Suppose -14610 = -26*w + x*w. Let s be 1/(-9) - w/(-54). What is the greatest common divisor of s and 18?
18
Let j = 243 - 240. Suppose 10 = j*k - 41. Calculate the highest common divisor of 187 and k.
17
Let c(d) = d**3 - 6*d**2 - 64*d - 19. Let y = -187 + 199. Let z be c(y). Calculate the greatest common divisor of z and 14.
7
Let h(r) = -35*r - 992. Let j be h(-64). What is the highest common divisor of 39 and j?
39
Suppose 57*c - 4*l = 62*c - 8, 0 = -4*c - 2*l + 4. Suppose 9*b - 373 + 202 = c. Calculate the highest common divisor of 171 and b.
19
Let r be 226/12 - (-2)/12. Let v(h) = -21 + h**2 - h + 23 + h**2. Let t be v(-4). What is the greatest common factor of t and r?
19
Let h = 13453 + -13166. Calculate the greatest common divisor of 154 and h.
7
Let f(a) = -73*a**2 - 554*a + 18. Let i be f(-7). Calculate the highest common factor of 232 and i.
29
Let k(w) = -13*w - 73. Let r be k(-6). Suppose -376 = -r*f - a, -5*f + 12*a + 368 = 15*a. What is the greatest common factor of 76 and f?
76
Let v be 2 + (-2 - 7)/9 + 16624. Calculate the greatest common divisor of v and 125.
125
Let m be 24/(-9)*21417/(-44). What is the highest common divisor of m and 22?
22
Let g = 2823 - 2812. What is the greatest common factor of g and 65?
1
Let r be (-3)/(-6) - 25/(-10). Let v be ((-2)/(-2))/(-4 - 26/(-6)). What is the highest common factor of r and v?
3
Let q be 938 + (4 + 3)*1 - (-2 - -3). What is the highest common divisor of 144 and q?
16
Suppose 2*u + 228*l = 230*l + 4882, -4*u - 4*l + 9748 = 0. What is the greatest common divisor of u and 27?
9
Let o = -116 + 67. Let f = o + 56. Suppose -234 = -f*v + v. Calculate the highest common divisor of v and 156.
39
Let t be (-11 - -14)/((-75)/(-20) - 3). Let f be (2 + -5)*1 + 5. What is the highest common divisor of t and f?
2
Let w(q) = 19*q**3 + 25*q**2 - 8*q + 5. Let z be w(11). Calculate the highest common divisor of 7 and z.
7
Suppose 3*t - 2710 = 2*n, 0*t + 3*t - n = 2708. Let v = t + -885. Calculate the highest common divisor of v and 34.
17
Let v(l) = -6*l - 24. Let i be v(-5). Suppose -i*p - 75 = -9*p. What is the greatest common factor of 125 and p?
25
Let t = -55 - -135. Suppose -16*u = 7*u. Suppose 0 = -12*h + 9*h - r + 123, u = 3*h - 3*r - 111. Calculate the greatest common factor of t and h.
40
Let l = 62 + -71. Let y be l/6 - (33/(-6) + -1). Suppose -1138 = -y*k - 4*o, -k + 2*o + 215 = 7*o. What is the highest common factor of 46 and k?
46
Let t = 3534 - 2798. What is the greatest common factor of t and 161?
23
Let i(h) = 37*h + 585. Let g be i(-13). Suppose 4*y - 42 = -k, -4*k = -3*k - 4*y - 10. Calculate the greatest common factor of g and k.
26
Let t = -2637 - -3242. What is the highest common factor of 11 and t?
11
Let i be (-5 + 170)/5 - 12/(6/3). Calculate the greatest common divisor of 23031 and i.
27
Let r be (0 - 5)/((-1)/13). Let z(c) = 839*c - 2477. Let p be z(3). Suppose -61*q = -r*q + p. What is the greatest common divisor of q and 80?
10
Suppose -5*w - 30*d + 44982 = -33*d, 36018 = 4*w + 3*d. Calculate the highest common divisor of 72 and w.
72
Suppose -19*g + 500 - 253 = 0. Calculate the greatest common divisor of 9360 and g.
13
Let s be ((-6)/(-2))/(-7 - (-4168)/592). Suppose 0 = -82*l + s*l + 5928. What is the greatest common divisor of l and 57?
57
Let y be (-44)/99 - ((-89696)/36)/8. Suppose -y = -5*x - 181. Suppose -3*a = -274 + 1. Calculate the greatest common divisor of x and a.
13
Let h = -1988 - -2345. Calculate the greatest common factor of 21 and h.
21
Suppose 0*x = 2*x - 6. Suppose h - 2 = 0, -5*d + 42 + 2 = -x*h. Suppose -5*w = -7*w + d, -2*f - 4*w = -54. Calculate the greatest common divisor of f and 153.
17
Let w(o) = -428*o + 37. Let i be w(-24). Suppose -i = -35*u + 22*u. Calculate the highest common divisor of u and 61.
61
Let i be (-1 - 0)*1 + 3/3. Suppose i = -5*f + 534 - 134. What is the greatest common divisor of 5 and f?
5
Suppose -2*l = 4*a - 42, -11*a - 33 = -2*l - 12*a. Suppose -120 = 10*n - l*n - 3*g, -2*n = 5*g - 48. Calculate the highest common factor of